{"id":844,"date":"2015-10-16T03:43:45","date_gmt":"2015-10-16T03:43:45","guid":{"rendered":"http:\/\/www.chateau-auris.com\/en\/histoire\/"},"modified":"2016-04-15T06:49:47","modified_gmt":"2016-04-15T06:49:47","slug":"history","status":"publish","type":"page","link":"https:\/\/www.chateau-auris.com\/en\/history\/","title":{"rendered":"History"},"content":{"rendered":"<div class=\"vc_row wpb_row vc_row-fluid\"><div class=\"wpb_column vc_column_container vc_col-sm-12\"><div class=\"wpb_wrapper\"><h2 style=\"text-align: left;font-family:Cinzel;font-weight:400;font-style:normal\" class=\"vc_custom_heading\">Pre-Napoleonic Era<\/h2><\/div><\/div><\/div><div class=\"vc_row wpb_row vc_row-fluid\"><div class=\"wpb_column vc_column_container vc_col-sm-6\"><div class=\"wpb_wrapper\">\n\t<div class=\"wpb_single_image wpb_content_element vc_align_left\">\n\t\t<div class=\"wpb_wrapper\">\n\t\t\t\n\t\t\t<div class=\"vc_single_image-wrapper   vc_box_border_grey\"><img loading=\"lazy\" decoding=\"async\" width=\"855\" height=\"674\" src=\"https:\/\/www.chateau-auris.com\/wp-content\/uploads\/2015\/10\/chateau-auris-epoque-napoleon.png\" class=\"vc_single_image-img attachment-large\" alt=\"\" srcset=\"https:\/\/www.chateau-auris.com\/wp-content\/uploads\/2015\/10\/chateau-auris-epoque-napoleon.png 855w, https:\/\/www.chateau-auris.com\/wp-content\/uploads\/2015\/10\/chateau-auris-epoque-napoleon-300x236.png 300w, https:\/\/www.chateau-auris.com\/wp-content\/uploads\/2015\/10\/chateau-auris-epoque-napoleon-380x300.png 380w\" sizes=\"(max-width: 855px) 100vw, 855px\" \/><\/div>\n\t\t<\/div>\n\t<\/div>\n<\/div><\/div><div class=\"wpb_column vc_column_container vc_col-sm-6\"><div class=\"wpb_wrapper\">\n\t<div class=\"wpb_text_column wpb_content_element \">\n\t\t<div class=\"wpb_wrapper\">\n\t\t\t<p>The history of wine growing at Auris is particularly well detailed from 1736 onwards.<br \/>\nBefore becoming a dependency of Fontfroide abbey throughout the entire Middle Ages, the land at Auris was tied to the seigniory of Quillanet. Subsequently, monks from the famous abbey farmed the land at Auris as a Cistercian grange for three centuries, from the 13<sup>th<\/sup> to the 16<sup>th<\/sup> century. Over time, farmers secured leases to manage the grange on behalf of the abbey\u2019s monks. Some of the more precious land was divided up and sold.<br \/>\nAuris thus became truly independent in 1736 and it was bought by No\u00ebl Daru after the Revolution in 1791.<br \/>\nThe descendent of a Dauphin\u00e9 lineage, he first became a \u2018capitoul\u2019 or consul of Toulouse before taking office as the Secretary General of the Languedoc administration. Just before the Revolution, he retired in Montpellier in 1787 before moving to Paris and Versailles.<\/p>\n\n\t\t<\/div>\n\t<\/div>\n<\/div><\/div><\/div><div class=\"vc_row wpb_row vc_row-fluid\"><div class=\"wpb_column vc_column_container vc_col-sm-12\"><div class=\"wpb_wrapper\"><div class=\"vc_separator wpb_content_element vc_separator_align_center vc_sep_width_100 vc_sep_dashed vc_sep_pos_align_center vc_separator_no_text vc_sep_color_mulled_wine\"><span\n\t\tclass=\"vc_sep_holder vc_sep_holder_l\"><span\t\t\tclass=\"vc_sep_line\"><\/span><\/span><span\n\t\tclass=\"vc_sep_holder vc_sep_holder_r\"><span class=\"vc_sep_line\"><\/span><\/span>\n\t<\/div><\/div><\/div><\/div><div class=\"vc_row wpb_row vc_row-fluid\"><div class=\"wpb_column vc_column_container vc_col-sm-12\"><div class=\"wpb_wrapper\"><h2 style=\"text-align: left;font-family:Cinzel;font-weight:400;font-style:normal\" class=\"vc_custom_heading\">The Napoleonic Era<\/h2><\/div><\/div><\/div><div class=\"vc_row wpb_row vc_row-fluid\"><div class=\"wpb_column vc_column_container vc_col-sm-6\"><div class=\"wpb_wrapper\">\n\t<div class=\"wpb_text_column wpb_content_element \">\n\t\t<div class=\"wpb_wrapper\">\n\t\t\t<p>No\u00ebl Daru bought Ch\u00e2teau Auris in the name of his daughter, Marie-Catherine Cambon. He became her guardian after the death of her husband, Pierre Toussaint Cambon, the member of a family from Montpeyroux (H\u00e9rault). In 1800, Marie-Catherine Cambon died, leaving no children, and bequeathed her estates to her sisters, Marie-Ad\u00e9la\u00efde, the wife of lawyer Pierre Lebrun, and Suzanne-Sophie, who lived with her father, as well as her brothers, Pierre-Antoine and Martial-No\u00ebl.<br \/>\nPierre-Antoine Daru, the future count, was born in Montpellier in 1767 and from an early age embarked on a career in administration, first as an office clerk at the seat of the Languedoc intendants where his father got him a job \u2013 he was 15 at the time! Two years later, his father paid a lot of money to secure him the position of chief commissary of war, marking the start of a distinguished career. After a number of other positions serving the State, Napoleon 1st appointed him intendant-general of his military household in 1805 and his duties therefore involved managing all of his private estates. This high office did not prevent him from becoming Minister for War and made Baron of the Empire on May 29, 1809.<\/p>\n\n\t\t<\/div>\n\t<\/div>\n<\/div><\/div><div class=\"wpb_column vc_column_container vc_col-sm-6\"><div class=\"wpb_wrapper\">\n\t<div class=\"wpb_single_image wpb_content_element vc_align_center\">\n\t\t<div class=\"wpb_wrapper\">\n\t\t\t\n\t\t\t<div class=\"vc_single_image-wrapper   vc_box_border_grey\"><img loading=\"lazy\" decoding=\"async\" width=\"450\" height=\"552\" src=\"https:\/\/www.chateau-auris.com\/wp-content\/uploads\/2015\/10\/proprietaire.jpg\" class=\"vc_single_image-img attachment-large\" alt=\"\" srcset=\"https:\/\/www.chateau-auris.com\/wp-content\/uploads\/2015\/10\/proprietaire.jpg 450w, https:\/\/www.chateau-auris.com\/wp-content\/uploads\/2015\/10\/proprietaire-245x300.jpg 245w, https:\/\/www.chateau-auris.com\/wp-content\/uploads\/2015\/10\/proprietaire-380x466.jpg 380w\" sizes=\"(max-width: 450px) 100vw, 450px\" \/><\/div>\n\t\t<\/div>\n\t<\/div>\n<\/div><\/div><\/div><div class=\"vc_row wpb_row vc_row-fluid\"><div class=\"wpb_column vc_column_container vc_col-sm-6\"><div class=\"wpb_wrapper\">\n\t<div class=\"wpb_single_image wpb_content_element vc_align_center\">\n\t\t<div class=\"wpb_wrapper\">\n\t\t\t\n\t\t\t<div class=\"vc_single_image-wrapper   vc_box_border_grey\"><img loading=\"lazy\" decoding=\"async\" width=\"1024\" height=\"685\" src=\"https:\/\/www.chateau-auris.com\/wp-content\/uploads\/2015\/10\/84135761_o-1024x685.jpg\" class=\"vc_single_image-img attachment-large\" alt=\"\" srcset=\"https:\/\/www.chateau-auris.com\/wp-content\/uploads\/2015\/10\/84135761_o-1024x685.jpg 1024w, https:\/\/www.chateau-auris.com\/wp-content\/uploads\/2015\/10\/84135761_o-300x201.jpg 300w, https:\/\/www.chateau-auris.com\/wp-content\/uploads\/2015\/10\/84135761_o-380x254.jpg 380w, https:\/\/www.chateau-auris.com\/wp-content\/uploads\/2015\/10\/84135761_o.jpg 1500w\" sizes=\"(max-width: 1024px) 100vw, 1024px\" \/><\/div>\n\t\t<\/div>\n\t<\/div>\n<\/div><\/div><div class=\"wpb_column vc_column_container vc_col-sm-6\"><div class=\"wpb_wrapper\">\n\t<div class=\"wpb_text_column wpb_content_element \">\n\t\t<div class=\"wpb_wrapper\">\n\t\t\t<p>It is said that he tried to dissuade Napoleon from embarking on the Russian campaign: not only did he fail, he was also the one tasked by the Emperor with organising this long and disastrous undertaking. He followed the Emperor on his first abdication but once again became a minister during the Hundred Days. After Waterloo, Louis 18<sup>th<\/sup> brought him back into favour by appointing him to the Chamber of Peers. Afterwards, he would spend time with his family, writing and managing his estates. He died in 1829 at the age of 62, leaving behind him a large family.<br \/>\nMartial-No\u00ebl Daru, his younger brother and future baron, began his career in 1789 as coastguard lieutenant and was subsequently appointed as chief commissary of war. He thus saw action with the Ocean and Rhine armies.<\/p>\n\n\t\t<\/div>\n\t<\/div>\n<\/div><\/div><\/div><div class=\"vc_row wpb_row vc_row-fluid\"><div class=\"wpb_column vc_column_container vc_col-sm-6\"><div class=\"wpb_wrapper\">\n\t<div class=\"wpb_text_column wpb_content_element \">\n\t\t<div class=\"wpb_wrapper\">\n\t\t\t<p>From 1815 onwards, the end of the Napoleonic saga left the count and the baron more time to manage their Aude estates and perhaps more inclined to invest in them.<br \/>\nA land review dated 1827 showed a surge in the amount of cereal crops (149 ha) and an even more dramatic rise in vineyard area (80 ha) which increased tenfold.<br \/>\nHence, before the demise of the baron (1827) and the count (1829), the estate had evolved into a substantial wine property. In this respect, the Darus were pioneers who had realised how worthwhile vine growing was on these soils, before anyone else. As for the other crops, cereals continued to be grown and a sizeable flock of sheep and goats most likely provided free organic compost.<\/p>\n\n\t\t<\/div>\n\t<\/div>\n<\/div><\/div><div class=\"wpb_column vc_column_container vc_col-sm-6\"><div class=\"wpb_wrapper\">\n\t<div class=\"wpb_single_image wpb_content_element vc_align_center\">\n\t\t<div class=\"wpb_wrapper\">\n\t\t\t\n\t\t\t<div class=\"vc_single_image-wrapper   vc_box_border_grey\"><img loading=\"lazy\" decoding=\"async\" width=\"1024\" height=\"768\" src=\"https:\/\/www.chateau-auris.com\/wp-content\/uploads\/2015\/10\/New-Auris-099-1024x768.jpg\" class=\"vc_single_image-img attachment-large\" alt=\"\" srcset=\"https:\/\/www.chateau-auris.com\/wp-content\/uploads\/2015\/10\/New-Auris-099-1024x768.jpg 1024w, https:\/\/www.chateau-auris.com\/wp-content\/uploads\/2015\/10\/New-Auris-099-300x225.jpg 300w, https:\/\/www.chateau-auris.com\/wp-content\/uploads\/2015\/10\/New-Auris-099-380x285.jpg 380w\" sizes=\"(max-width: 1024px) 100vw, 1024px\" \/><\/div>\n\t\t<\/div>\n\t<\/div>\n<\/div><\/div><\/div><div class=\"vc_row wpb_row vc_row-fluid\"><div class=\"wpb_column vc_column_container vc_col-sm-12\"><div class=\"wpb_wrapper\"><div class=\"vc_separator wpb_content_element vc_separator_align_center vc_sep_width_100 vc_sep_dashed vc_sep_pos_align_center vc_separator_no_text vc_sep_color_mulled_wine\"><span\n\t\tclass=\"vc_sep_holder vc_sep_holder_l\"><span\t\t\tclass=\"vc_sep_line\"><\/span><\/span><span\n\t\tclass=\"vc_sep_holder vc_sep_holder_r\"><span class=\"vc_sep_line\"><\/span><\/span>\n\t<\/div><\/div><\/div><\/div><div class=\"vc_row wpb_row vc_row-fluid\"><div class=\"wpb_column vc_column_container vc_col-sm-12\"><div class=\"wpb_wrapper\"><h2 style=\"text-align: left;font-family:Cinzel;font-weight:400;font-style:normal\" class=\"vc_custom_heading\">The Post-Napoleonic Era<\/h2><\/div><\/div><\/div><div class=\"vc_row wpb_row vc_row-fluid\"><div class=\"wpb_column vc_column_container vc_col-sm-6\"><div class=\"wpb_wrapper\">\n\t<div class=\"wpb_single_image wpb_content_element vc_align_center\">\n\t\t<div class=\"wpb_wrapper\">\n\t\t\t\n\t\t\t<div class=\"vc_single_image-wrapper   vc_box_border_grey\"><img loading=\"lazy\" decoding=\"async\" width=\"1024\" height=\"768\" src=\"https:\/\/www.chateau-auris.com\/wp-content\/uploads\/2015\/10\/New-Auris-0631-1024x768.jpg\" class=\"vc_single_image-img attachment-large\" alt=\"\" srcset=\"https:\/\/www.chateau-auris.com\/wp-content\/uploads\/2015\/10\/New-Auris-0631-1024x768.jpg 1024w, https:\/\/www.chateau-auris.com\/wp-content\/uploads\/2015\/10\/New-Auris-0631-300x225.jpg 300w, https:\/\/www.chateau-auris.com\/wp-content\/uploads\/2015\/10\/New-Auris-0631-380x285.jpg 380w\" sizes=\"(max-width: 1024px) 100vw, 1024px\" \/><\/div>\n\t\t<\/div>\n\t<\/div>\n<\/div><\/div><div class=\"wpb_column vc_column_container vc_col-sm-6\"><div class=\"wpb_wrapper\">\n\t<div class=\"wpb_text_column wpb_content_element \">\n\t\t<div class=\"wpb_wrapper\">\n\t\t\t<p>Despite this, the Darus\u2019 heirs would only keep Ch\u00e2teau Auris for a few years after the death of these bold entrepreneurs. Auris was sold on April 27, 1834. Etienne Simon Cambournac, a landowner and innkeeper, bought it for 24,000 francs. Since then, a number of families have tended the vineyards at Ch\u00e2teau Auris, in particular the Herpe family in the 1980s.<br \/>\nAll those who have loved Ch\u00e2teau Auris share the same tremendous enthusiasm, a love for these cool, noble Corbi\u00e8res soils and a highly developed sense of entrepreneurship.<\/p>\n\n\t\t<\/div>\n\t<\/div>\n<\/div><\/div><\/div>\n","protected":false},"excerpt":{"rendered":"Pre-Napoleonic Era The history of wine growing at Auris is particularly well detailed from 1736 onwards. Before becoming a dependency of Fontfroide abbey throughout the entire Middle Ages, the land at Auris was tied to the seigniory of Quillanet. Subsequently, monks from the famous abbey farmed the land at Auris as a Cistercian grange for [...]","protected":false},"author":2,"featured_media":737,"parent":0,"menu_order":0,"comment_status":"closed","ping_status":"closed","template":"","meta":{"footnotes":""},"_links":{"self":[{"href":"https:\/\/www.chateau-auris.com\/en\/wp-json\/wp\/v2\/pages\/844\/"}],"collection":[{"href":"https:\/\/www.chateau-auris.com\/en\/wp-json\/wp\/v2\/pages\/"}],"about":[{"href":"https:\/\/www.chateau-auris.com\/en\/wp-json\/wp\/v2\/types\/page\/"}],"author":[{"embeddable":true,"href":"https:\/\/www.chateau-auris.com\/en\/wp-json\/wp\/v2\/users\/2\/"}],"replies":[{"embeddable":true,"href":"https:\/\/www.chateau-auris.com\/en\/wp-json\/wp\/v2\/comments\/?post=844"}],"version-history":[{"count":3,"href":"https:\/\/www.chateau-auris.com\/en\/wp-json\/wp\/v2\/pages\/844\/revisions\/"}],"predecessor-version":[{"id":857,"href":"https:\/\/www.chateau-auris.com\/en\/wp-json\/wp\/v2\/pages\/844\/revisions\/857\/"}],"wp:featuredmedia":[{"embeddable":true,"href":"https:\/\/www.chateau-auris.com\/en\/wp-json\/wp\/v2\/media\/737\/"}],"wp:attachment":[{"href":"https:\/\/www.chateau-auris.com\/en\/wp-json\/wp\/v2\/media\/?parent=844"}],"curies":[{"name":"wp","href":"https:\/\/api.w.org\/{rel}","templated":true}]}}

<div class="vc_row wpb_row vc_row-fluid"><div class="wpb_column vc_column_container vc_col-sm-12"><div class="wpb_wrapper"><h2 style="text-align: left;font-family:Cinzel;font-weight:400;font-style:normal" class="vc_custom_heading">Pre-Napoleonic Era</h2></div></div></div><div class="vc_row wpb_row vc_row-fluid"><div class="wpb_column vc_column_container vc_col-sm-6"><div class="wpb_wrapper">
	<div class="wpb_single_image wpb_content_element vc_align_left">
		<div class="wpb_wrapper">
			
			<div class="vc_single_image-wrapper   vc_box_border_grey"><img loading="lazy" decoding="async" width="855" height="674" src="https://www.chateau-auris.com/wp-content/uploads/2015/10/chateau-auris-epoque-napoleon.png" class="vc_single_image-img attachment-large" alt="" srcset="https://www.chateau-auris.com/wp-content/uploads/2015/10/chateau-auris-epoque-napoleon.png 855w, https://www.chateau-auris.com/wp-content/uploads/2015/10/chateau-auris-epoque-napoleon-300x236.png 300w, https://www.chateau-auris.com/wp-content/uploads/2015/10/chateau-auris-epoque-napoleon-380x300.png 380w" sizes="(max-width: 855px) 100vw, 855px" /></div>
		</div>
	</div>
</div></div><div class="wpb_column vc_column_container vc_col-sm-6"><div class="wpb_wrapper">
	<div class="wpb_text_column wpb_content_element ">
		<div class="wpb_wrapper">
			<p>The history of wine growing at Auris is particularly well detailed from 1736 onwards.<br />
Before becoming a dependency of Fontfroide abbey throughout the entire Middle Ages, the land at Auris was tied to the seigniory of Quillanet. Subsequently, monks from the famous abbey farmed the land at Auris as a Cistercian grange for three centuries, from the 13<sup>th</sup> to the 16<sup>th</sup> century. Over time, farmers secured leases to manage the grange on behalf of the abbey’s monks. Some of the more precious land was divided up and sold.<br />
Auris thus became truly independent in 1736 and it was bought by Noël Daru after the Revolution in 1791.<br />
The descendent of a Dauphiné lineage, he first became a ‘capitoul’ or consul of Toulouse before taking office as the Secretary General of the Languedoc administration. Just before the Revolution, he retired in Montpellier in 1787 before moving to Paris and Versailles.</p>

		</div>
	</div>
</div></div></div><div class="vc_row wpb_row vc_row-fluid"><div class="wpb_column vc_column_container vc_col-sm-12"><div class="wpb_wrapper"><div class="vc_separator wpb_content_element vc_separator_align_center vc_sep_width_100 vc_sep_dashed vc_sep_pos_align_center vc_separator_no_text vc_sep_color_mulled_wine"><span
		class="vc_sep_holder vc_sep_holder_l"><span			class="vc_sep_line"></span></span><span
		class="vc_sep_holder vc_sep_holder_r"><span class="vc_sep_line"></span></span>
	</div></div></div></div><div class="vc_row wpb_row vc_row-fluid"><div class="wpb_column vc_column_container vc_col-sm-12"><div class="wpb_wrapper"><h2 style="text-align: left;font-family:Cinzel;font-weight:400;font-style:normal" class="vc_custom_heading">The Napoleonic Era</h2></div></div></div><div class="vc_row wpb_row vc_row-fluid"><div class="wpb_column vc_column_container vc_col-sm-6"><div class="wpb_wrapper">
	<div class="wpb_text_column wpb_content_element ">
		<div class="wpb_wrapper">
			<p>Noël Daru bought Château Auris in the name of his daughter, Marie-Catherine Cambon. He became her guardian after the death of her husband, Pierre Toussaint Cambon, the member of a family from Montpeyroux (Hérault). In 1800, Marie-Catherine Cambon died, leaving no children, and bequeathed her estates to her sisters, Marie-Adélaïde, the wife of lawyer Pierre Lebrun, and Suzanne-Sophie, who lived with her father, as well as her brothers, Pierre-Antoine and Martial-Noël.<br />
Pierre-Antoine Daru, the future count, was born in Montpellier in 1767 and from an early age embarked on a career in administration, first as an office clerk at the seat of the Languedoc intendants where his father got him a job – he was 15 at the time! Two years later, his father paid a lot of money to secure him the position of chief commissary of war, marking the start of a distinguished career. After a number of other positions serving the State, Napoleon 1st appointed him intendant-general of his military household in 1805 and his duties therefore involved managing all of his private estates. This high office did not prevent him from becoming Minister for War and made Baron of the Empire on May 29, 1809.</p>

		</div>
	</div>
</div></div><div class="wpb_column vc_column_container vc_col-sm-6"><div class="wpb_wrapper">
	<div class="wpb_single_image wpb_content_element vc_align_center">
		<div class="wpb_wrapper">
			
			<div class="vc_single_image-wrapper   vc_box_border_grey"><img loading="lazy" decoding="async" width="450" height="552" src="https://www.chateau-auris.com/wp-content/uploads/2015/10/proprietaire.jpg" class="vc_single_image-img attachment-large" alt="" srcset="https://www.chateau-auris.com/wp-content/uploads/2015/10/proprietaire.jpg 450w, https://www.chateau-auris.com/wp-content/uploads/2015/10/proprietaire-245x300.jpg 245w, https://www.chateau-auris.com/wp-content/uploads/2015/10/proprietaire-380x466.jpg 380w" sizes="(max-width: 450px) 100vw, 450px" /></div>
		</div>
	</div>
</div></div></div><div class="vc_row wpb_row vc_row-fluid"><div class="wpb_column vc_column_container vc_col-sm-6"><div class="wpb_wrapper">
	<div class="wpb_single_image wpb_content_element vc_align_center">
		<div class="wpb_wrapper">
			
			<div class="vc_single_image-wrapper   vc_box_border_grey"><img loading="lazy" decoding="async" width="1024" height="685" src="https://www.chateau-auris.com/wp-content/uploads/2015/10/84135761_o-1024x685.jpg" class="vc_single_image-img attachment-large" alt="" srcset="https://www.chateau-auris.com/wp-content/uploads/2015/10/84135761_o-1024x685.jpg 1024w, https://www.chateau-auris.com/wp-content/uploads/2015/10/84135761_o-300x201.jpg 300w, https://www.chateau-auris.com/wp-content/uploads/2015/10/84135761_o-380x254.jpg 380w, https://www.chateau-auris.com/wp-content/uploads/2015/10/84135761_o.jpg 1500w" sizes="(max-width: 1024px) 100vw, 1024px" /></div>
		</div>
	</div>
</div></div><div class="wpb_column vc_column_container vc_col-sm-6"><div class="wpb_wrapper">
	<div class="wpb_text_column wpb_content_element ">
		<div class="wpb_wrapper">
			<p>It is said that he tried to dissuade Napoleon from embarking on the Russian campaign: not only did he fail, he was also the one tasked by the Emperor with organising this long and disastrous undertaking. He followed the Emperor on his first abdication but once again became a minister during the Hundred Days. After Waterloo, Louis 18<sup>th</sup> brought him back into favour by appointing him to the Chamber of Peers. Afterwards, he would spend time with his family, writing and managing his estates. He died in 1829 at the age of 62, leaving behind him a large family.<br />
Martial-Noël Daru, his younger brother and future baron, began his career in 1789 as coastguard lieutenant and was subsequently appointed as chief commissary of war. He thus saw action with the Ocean and Rhine armies.</p>

		</div>
	</div>
</div></div></div><div class="vc_row wpb_row vc_row-fluid"><div class="wpb_column vc_column_container vc_col-sm-6"><div class="wpb_wrapper">
	<div class="wpb_text_column wpb_content_element ">
		<div class="wpb_wrapper">
			<p>From 1815 onwards, the end of the Napoleonic saga left the count and the baron more time to manage their Aude estates and perhaps more inclined to invest in them.<br />
A land review dated 1827 showed a surge in the amount of cereal crops (149 ha) and an even more dramatic rise in vineyard area (80 ha) which increased tenfold.<br />
Hence, before the demise of the baron (1827) and the count (1829), the estate had evolved into a substantial wine property. In this respect, the Darus were pioneers who had realised how worthwhile vine growing was on these soils, before anyone else. As for the other crops, cereals continued to be grown and a sizeable flock of sheep and goats most likely provided free organic compost.</p>

		</div>
	</div>
</div></div><div class="wpb_column vc_column_container vc_col-sm-6"><div class="wpb_wrapper">
	<div class="wpb_single_image wpb_content_element vc_align_center">
		<div class="wpb_wrapper">
			
			<div class="vc_single_image-wrapper   vc_box_border_grey"><img loading="lazy" decoding="async" width="1024" height="768" src="https://www.chateau-auris.com/wp-content/uploads/2015/10/New-Auris-099-1024x768.jpg" class="vc_single_image-img attachment-large" alt="" srcset="https://www.chateau-auris.com/wp-content/uploads/2015/10/New-Auris-099-1024x768.jpg 1024w, https://www.chateau-auris.com/wp-content/uploads/2015/10/New-Auris-099-300x225.jpg 300w, https://www.chateau-auris.com/wp-content/uploads/2015/10/New-Auris-099-380x285.jpg 380w" sizes="(max-width: 1024px) 100vw, 1024px" /></div>
		</div>
	</div>
</div></div></div><div class="vc_row wpb_row vc_row-fluid"><div class="wpb_column vc_column_container vc_col-sm-12"><div class="wpb_wrapper"><div class="vc_separator wpb_content_element vc_separator_align_center vc_sep_width_100 vc_sep_dashed vc_sep_pos_align_center vc_separator_no_text vc_sep_color_mulled_wine"><span
		class="vc_sep_holder vc_sep_holder_l"><span			class="vc_sep_line"></span></span><span
		class="vc_sep_holder vc_sep_holder_r"><span class="vc_sep_line"></span></span>
	</div></div></div></div><div class="vc_row wpb_row vc_row-fluid"><div class="wpb_column vc_column_container vc_col-sm-12"><div class="wpb_wrapper"><h2 style="text-align: left;font-family:Cinzel;font-weight:400;font-style:normal" class="vc_custom_heading">The Post-Napoleonic Era</h2></div></div></div><div class="vc_row wpb_row vc_row-fluid"><div class="wpb_column vc_column_container vc_col-sm-6"><div class="wpb_wrapper">
	<div class="wpb_single_image wpb_content_element vc_align_center">
		<div class="wpb_wrapper">
			
			<div class="vc_single_image-wrapper   vc_box_border_grey"><img loading="lazy" decoding="async" width="1024" height="768" src="https://www.chateau-auris.com/wp-content/uploads/2015/10/New-Auris-0631-1024x768.jpg" class="vc_single_image-img attachment-large" alt="" srcset="https://www.chateau-auris.com/wp-content/uploads/2015/10/New-Auris-0631-1024x768.jpg 1024w, https://www.chateau-auris.com/wp-content/uploads/2015/10/New-Auris-0631-300x225.jpg 300w, https://www.chateau-auris.com/wp-content/uploads/2015/10/New-Auris-0631-380x285.jpg 380w" sizes="(max-width: 1024px) 100vw, 1024px" /></div>
		</div>
	</div>
</div></div><div class="wpb_column vc_column_container vc_col-sm-6"><div class="wpb_wrapper">
	<div class="wpb_text_column wpb_content_element ">
		<div class="wpb_wrapper">
			<p>Despite this, the Darus’ heirs would only keep Château Auris for a few years after the death of these bold entrepreneurs. Auris was sold on April 27, 1834. Etienne Simon Cambournac, a landowner and innkeeper, bought it for 24,000 francs. Since then, a number of families have tended the vineyards at Château Auris, in particular the Herpe family in the 1980s.<br />
All those who have loved Château Auris share the same tremendous enthusiasm, a love for these cool, noble Corbières soils and a highly developed sense of entrepreneurship.</p>

		</div>
	</div>
</div></div></div>
